6. Let h be z(a). What are the prime factors of h/1*24/(-16)?
3
Suppose -4*w - 6 = 22. Let k(q) = -3*q - 10. List the prime factors of k(w).
11
Let c(q) = -q**2 - 12*q + 2. Let v be c(-12). Suppose -3*j + v*m + 532 - 104 = 0, 2*j - 5*m - 289 = 0. List the prime factors of j.
2, 71
Suppose 0 = -2*i + 4*i - 20. Suppose 0 = -5*b + 3*b + i. What are the prime factors of b?
5
List the prime factors of (12/(-27)*3)/((-29)/30276).
2, 3, 29
Let f(o) be the second derivative of 31*o**4/12 - 14*o. Let b be -2*(-4)/(-8)*-1. List the prime factors of f(b).
31
Let i(c) = -2*c**2 + 13. Let r(g) = -3*g**2 - g + 27. Let t(a) = -7*i(a) + 4*r(a). What are the prime factors of t(6)?
5, 13
Let n(j) = 255*j + 1625. List the prime factors of n(6).
5, 631
Suppose 10 = 2*k + 3*k. Suppose -3*z + k + 7 = 0. Let g = z - -2. What are the prime factors of g?
5
Let p be (-3)/9 - (-48)/9. Suppose -3*z - 5*s + 3*s = -3, 1 = z - p*s. List the prime factors of 2 + z + 520/13.
43
Suppose 5*l + 8028 = 11*l. List the prime factors of l.
2, 3, 223
Let d be 6 - 120/54 - (-2)/9. Suppose -139 - 53 = -d*t. List the prime factors of t.
2, 3
Let g = -91 + 95. Suppose -5*s + 5*o + 205 = 0, 124 = -0*s + 3*s - g*o. List the prime factors of s.
2, 5
Let p = 883 + -723. List the prime factors of p.
2, 5
List the prime factors of 31*(-9)/36*-20.
5, 31
Suppose 6*n = 11 + 1. Let z(g) = -4*g - 3*g + g**2 + 1 - g**2 - g**n. List the prime factors of z(-3).
13
Let d = 572 - 75. Let a = d - 253. What are the prime factors of a?
2, 61
Let o = -70 + 35. Let w = 163 + o. What are the prime factors of w?
2
Let v = 10 + -19. Let d = v + 14. Suppose 52 = d*k - k. What are the prime factors of k?
13
Let r = -124 - -364. What are the prime factors of (r - -10) + 15/(-3)?
5, 7
Suppose 3*q - 16 = 14. Let r(y) = q*y**2 - 6 - 7*y - 9*y**2 - 11. List the prime factors of r(11).
3
Suppose -127 - 491 = -6*k. Suppose 0 = -r - 4*r + 2*i + k, -4 = i. List the prime factors of r.
19
Let n(y) = y**2 - 15*y + 34. Suppose -6*k + 125 = 17. List the prime factors of n(k).
2, 11
Let a(y) be the first derivative of -y**4/4 - 7*y**3/3 - 4*y**2 - 13*y + 6. Let m be a(-6). What are the prime factors of ((-1)/(-2)*-22)/m?
11
Suppose -5*q - 2*q = q. Let s(l) = 3*l + 142. List the prime factors of s(q).
2, 71
Let g = 27 + -17. Suppose g*f + 37 = 277. List the prime factors of f.
2, 3
Suppose -320 = -g + q, 12*q - 1610 = -5*g + 7*q. List the prime factors of g.
3, 107
Suppose t = z - 200, 0 = -t + 2*t + z + 192. Let q = 288 + t. List the prime factors of q.
2, 23
Suppose 3*x = 3*v + 21, 3*x = -2*v + 7 + 4. Let b be 2/(1 + -2)*-2. Let l = x + b. What are the prime factors of l?
3
Let q(g) = g**3 - 15*g**2 + 51*g + 11. Let c be q(10). Let z = -35 - -16. Let p = z + c. What are the prime factors of p?
2
Let g(i) = 43*i - 80. What are the prime factors of g(11)?
3, 131
Let g(v) = v**3 + 4*v**2 - 5*v - 2. Let i = -20 + 18. Let w be 1/(-2) + 5/i. List the prime factors of g(w).
2, 11
What are the prime factors of (24808/(-42))/((-8)/12)?
2, 443
Suppose -5*h + 110 = -7*h. Let n = h - -80. What are the prime factors of n?
5
Suppose -5*o - 2*u = -5174, 3*u = o + 4*u - 1036. What are the prime factors of o?
2, 11, 47
Let t be -1 - (-15)/(-9)*-3. Suppose -t*q = q - 610. What are the prime factors of q?
2, 61
Let x = -108 + 72. Let w = -27 - x. List the prime factors of w.
3
Let k(v) = -v**3 + 15*v**2 + 16*v + 17. Let y be k(16). Let r = y + 4. Suppose -w - 1 = -r. List the prime factors of w.
2, 5
Let q(v) = -v**2 - 18*v + 25. Let b be q(-19). Suppose -b*o + 132 = -3*o. List the prime factors of o.
2, 11
Suppose -l + 7*l - 30 = 0. Suppose 11*d - 14*d + 1115 = l*n, 5*d = 0. What are the prime factors of n?
223
Suppose 0 = 2*c - 3 - 7. Suppose c*n + 2*q = 1215, n + 4*q + 729 = 4*n. List the prime factors of n.
3
Let y = 8762 + -5956. List the prime factors of y.
2, 23, 61
Suppose -5*c = -4*t + 49 - 219, -3*c = -4*t - 174. Let s = t + 123. List the prime factors of s.
2, 3, 13
Suppose 3*q - 4*v - 281 = 0, -4*q + 2*v = 3*v - 400. Suppose 0 = 4*s + 2*l + q - 481, -5*l - 254 = -3*s. What are the prime factors of s?
3, 31
Let b be 3/12 - 33/(-12). Suppose -b*d + 331 = 73. What are the prime factors of d?
2, 43
Suppose -4*k + 19 + 2307 = -2*y, 5*k + 3*y - 2913 = 0. What are the prime factors of k?
2, 3, 97
List the prime factors of (-1)/(-2) - (5940/(-24) - 5).
11, 23
Let r(o) = 28*o + 10. Suppose h + 4 - 2 = 0, 3*c - 5*h - 28 = 0. Let q be r(c). Suppose -5*i + 28 - q = -2*z, 3*z - 236 = 2*i. What are the prime factors of z?
2, 5
Let d(f) be the first derivative of -f**4/4 + f**2/2 + 11*f - 30. Let a(c) = c**2 + 2*c. Let i be a(-2). List the prime factors of d(i).
11
Suppose 5*p = 10*p - 1950. List the prime factors of p.
2, 3, 5, 13
Let r(m) = -2*m - 11. Let f be r(-11). Suppose -50 = f*d - 6*d. List the prime factors of (-93)/(-7) + d/35.
13
Suppose -5*p - 20 = 0, u - 33*p = -37*p - 3. What are the prime factors of u?
13
Suppose 0 = -10*n + 2*n + 120. What are the prime factors of ((-18)/n)/((-274)/(-140) - 2)?
2, 7
Let g be 4 - (2 - -2 - 3). Let v be 2/(-2) + (-26)/(-2). Let a = v - g. List the prime factors of a.
3
Let x be 1/((-63)/(-15) - 4). Suppose 10 - 110 = -x*w. List the prime factors of w.
2, 5
List the prime factors of (-49)/(-8 - (-1225)/154).
2, 7, 11
Suppose 4*h + 16421 = 5*o, -8778 = -2*o - h - 2207. List the prime factors of o.
3, 5, 73
Suppose 2*z + 0*z = 226. Let g = 211 - z. What are the prime factors of g?
2, 7
Let q(r) = r**3 + 8*r**2 + 5*r + 4. Let v be q(-7). Let y = v - 16. Suppose -3*s + 3*z = -63, -117 = -5*s + z - y*z. List the prime factors of s.
23
Let g = -1 + -1. What are the prime factors of 1 + (-5 - g - -6)?
2
Let i = 1 - 1. Let s(m) = 3*m**2 + 8*m - 52. Let o be s(4). Suppose 2*j - 6*j + o = i. List the prime factors of j.
7
Suppose -34 = 2*u - 4*u. Suppose -3*f + u = -2*f - 3*g, -f - 3*g = 13. List the prime factors of f.
2
Let k(i) = -i**3 - 6*i**2 - 6*i + 10. Let q be k(-4). Let v be (-1)/(1/(-3)) - 0. Suppose -v*u + 40 = -5*w, -2*u + q*w = -21 - 3. List the prime factors of u.
2, 5
List the prime factors of (-112)/(-14) + -4 - (-735 + 1).
2, 3, 41
Let o(z) = -z**3 - 30*z**2 - 8*z - 53. List the prime factors of o(-32).
2251
Suppose 29*y + 1555 = 34*y. What are the prime factors of y?
311
Let t(d) = 4*d**2 - 9*d - 6. Let r(v) = 7*v**2 - 18*v - 11. Let f(q) = -3*r(q) + 5*t(q). Let g be (5 - -1) + 18/(-9). List the prime factors of f(g).
23
Let l(k) = -k - 2. Let j be l(4). Let b be (j/8)/((-15)/40). Suppose -9 = -b*n + 5. List the prime factors of n.
7
Suppose 0 = -2*l - 3*t + 18, 6*l + 3*t - 30 = 2*l. Let x(c) = 7*c - 27. What are the prime factors of x(l)?
3, 5
Suppose 0 = 2*m - 65 - 483. What are the prime factors of m?
2, 137
Let g be (-12)/(-8)*(-4)/(-3) + 2. Suppose 0 = -3*q + 2*z + 657, 3*z + 876 = g*q - 2*z. List the prime factors of q.
3, 73
Suppose 10*x - 11*x + 2 = 0. Suppose -69 = -3*w - 3*k, -4*w + 74 + 48 = -x*k. Let o = -24 + w. List the prime factors of o.
2
Suppose 30*l = 37*l - 4697. What are the prime factors of l?
11, 61
Let v(b) = 1 - 1 - 1 + 0*b**2 - 2*b + 7*b**2. Let n be v(-2). What are the prime factors of 1 + (1 - n)/(-1)?
31
Suppose 12*m = 4283 + 4237. List the prime factors of m.
2, 5, 71
Suppose -8*d + 9*d - 3 = 0. Suppose 0 = d*b - 61 - 29. List the prime factors of b.
2, 3, 5
What are the prime factors of 21*(-1)/(-6)*26?
7, 13
Suppose -11*a = -10*a - 3. Suppose -2*j + w = a*w - 126, -3*j - w + 185 = 0. List the prime factors of j.
61
Let i(l) = -13*l - 7. Let b(o) = 26*o + 13. Let v(r) = 3*b(r) + 7*i(r). List the prime factors of v(-5).
5, 11
Let x(r) = 5*r**3 - 3*r**2 + 3. List the prime factors of x(4).
5, 11
Suppose 0*d = -3*d + 3*l - 72, 5*d - l = -116. Let h = -18 - d. Suppose -68 - 107 = -h*g. What are the prime factors of g?
5, 7
Let d = 1557 + -802. List the prime factors of d.
5, 151
Let i be 2 - -8*(-2)/(-4). Suppose 0 = s + 3*l - 269, -2*l + 16 = i. What are the prime factors of s?
2, 127
Let n(s) = -s + 14. Let q be n(17). What are the prime factors of q/2*(4 - 6) + 60?
3, 7
Suppose 0 = -5*q - 4*k - 10, 0 = 2*q + k + 1. Let t(z) = -3 - z**q - 2*z + 2*z**2 - 5*z + 2*z. What are the prime factors of t(-4)?
3, 11
Suppose -21974 = -5*n - k - 2670, -5*n + 19280 = -5*k